et r(b) = b**3 - 10*b**2 + 22*b - 77. Suppose -15*k = -0*k - 3450. Calculate the remainder when k is divided by r(9).
30
Calculate the remainder when (-7097)/2*2*8/(-112)*14 is divided by 7.
6
Suppose 2*r + 0*r = 160. Suppose 5*q - r = q + 4*v, 0 = -2*q - v + 28. Calculate the remainder when -11 - -10 - -75 - 11 is divided by q.
15
Let r = -209 + 402. Let m = 13312 + -13298. Calculate the remainder when r is divided by m.
11
Suppose 24 = -4*j, 385 = 60*f - 59*f + 5*j. What is the remainder when f is divided by 76?
35
Suppose 25704 = 4*o + 2*w, 0 = -o - 29*w + 25*w + 6447. What is the remainder when o is divided by 102?
99
Let h = 24 - 12. Let t(z) = -13 - 3 - 1 + z**3 - 2*z**2 + 0*z**3 - 10*z**2 + 3*z. Calculate the remainder when t(h) is divided by 6.
1
Suppose -436*t + 105370 = -289210. Calculate the remainder when t is divided by 24.
17
Let j be (10/4)/((-3)/24). Let i be (-30)/j + 87/(-2). Let r = 58 + i. Calculate the remainder when 47 is divided by r.
15
Suppose 5*a = 2*s + 4411, 0 = -a + 2*s - 7*s + 893. What is the remainder when a is divided by 15?
13
Let o(x) = x**3 - 93*x**2 - 18*x + 1679. Calculate the remainder when 45 + (3 - 3) + 3 is divided by o(93).
3
Let p be 3/1*7 + -1. Suppose 2*f = f + p. Suppose -3*b + h = -20 - 99, 0 = -3*b - 3*h + 99. Calculate the remainder when b is divided by f.
18
Suppose 0 = y + v - 18, v - 5 = 2*y - 38. Suppose -q + 481 - 176 = 0. What is the remainder when q is divided by y?
16
Let w = 89 + -90. What is the remainder when 19*(-2 - w)*(11 + -13) is divided by 11?
5
Suppose 22*l - 2*s - 2173 = 13*l, -4*l = 2*s - 986. Calculate the remainder when l is divided by 136.
107
Suppose 545 - 481 = 16*s. Let t(z) = -z**2 - 11*z - 8. Let k be t(-10). Suppose -k - 2 = -2*a, -p + 6 = -s*a. What is the remainder when 67 is divided by p?
11
Let c be 10/(-4) - 6/4. What is the remainder when 116/(-6)*6/c is divided by 14 - (3 + -4)/1?
14
Suppose x + 0 = 2. Let w be (-3 - -3)/3 + x. Suppose 4*i = -i - 10, 2*i + 36 = w*o. Calculate the remainder when 47 is divided by o.
15
Let s = -42 - -55. Suppose s*x - 5*x = -832. Let w = x + 148. What is the remainder when w is divided by 24?
20
Let z(m) = 74*m**2 - 1. Suppose 4*a - 574 = 11*c - 13*c, 4*a - 5*c - 567 = 0. What is the remainder when a is divided by z(1)?
70
Let k = 132 - 116. Let h = 30 - k. Let z(w) = 6*w + 5. What is the remainder when z(8) is divided by h?
11
Let b = 594 - 603. Calculate the remainder when (0 - b)*(-4005)/(-135) is divided by 23.
14
Let s = 175 + -173. Suppose -4*b = -s*b - 66. What is the remainder when b is divided by 6?
3
Let h(i) = 2*i**3 + 4*i**2 + 19*i - 37. Let s be h(6). Suppose 79 = 12*b - s. Calculate the remainder when 302 is divided by b.
58
Let b = -6512 - -6621. Calculate the remainder when 4140 is divided by b.
107
Suppose k = -3*k - 16. Let a(y) = -y + 1. Calculate the remainder when k/((-36)/(-3)) + (-417)/(-9) is divided by a(-5).
4
What is the remainder when 7 + 6/(-3) + 1312/8 is divided by 37?
21
Suppose -5*i = 5*w - 155, 3*w + 99 = 6*w - 3*i. Let q = 160 - 232. What is the remainder when w is divided by (-14)/49 + 1/(-7)*q?
2
Calculate the remainder when (((-1881)/242)/19 - (-2)/(-22))*-1418 is divided by 344.
21
Let p(i) = 687*i + 4905. Calculate the remainder when 2301 is divided by p(-7).
93
Let v be (-206)/(-2) - (4 + -6). Suppose 2*s - p = 56 - 19, s - 3*p = 6. Suppose s = -3*t + v. Calculate the remainder when 109 is divided by t.
25
Let c = -70 - -123. Suppose -3*o + 1 = -3*m - c, -62 = -3*o + 5*m. Calculate the remainder when 138 is divided by o.
12
Let z(p) = p**3 + 77*p**2 + 73*p - 220. Calculate the remainder when 518 is divided by z(-76).
6
Let x(u) = u**3 + 16*u**2 + 13*u - 2. Suppose 0 = 5*h + 87 - 12. Let w be x(h). What is the remainder when 119 is divided by 1 + 1/1 + w?
29
Suppose 2*b + 88 = 4*f, -2*f + 61 + 3 = 4*b. Calculate the remainder when -4*(6 + (-1221)/44 + (-4)/(-1)) is divided by f.
23
Let x(l) = -l**3 - 10*l**2 + 13*l + 26. Let y be x(-11). Suppose 0 = -2*k + c + 45, -c = -5*k - y*c + 107. What is the remainder when k is divided by 10?
2
Let n(a) = -7 - 3*a - 6 - 11. What is the remainder when 59 is divided by n(-16)?
11
Suppose -2*x + 2*m + 78 = 0, 0 = 3*x + 8*m - 4*m - 159. Calculate the remainder when 1979 is divided by x.
44
What is the remainder when 48/(-64)*(-1464)/9 - -8 is divided by 14?
4
Suppose -6*a + 4*a = 4*g - 4, 5*g = -3*a + 7. Let s(l) = 152*l**2 - 3*l - 1. What is the remainder when s(g) is divided by 31?
30
Suppose -1493 + 6331 = 58*n + 1532. Suppose l - 2 - 13 = 4*f, 0 = -4*l + 5*f + 104. What is the remainder when n is divided by l?
26
Suppose 4*b - 5*s + 9 = 0, 5*b + 7*s + 39 = 4*s. Suppose 170*v - 175*v + 110 = 0. Let f = b + v. Calculate the remainder when 61 is divided by f.
13
Let y = -40557 - -40565. What is the remainder when 4933 is divided by y?
5
Let q = 5216 + -5203. Calculate the remainder when 832 is divided by q.
0
What is the remainder when 2/13 + (-3800856)/(-2236) is divided by 31?
26
Let s = 18 + -12. Let k be (40/16)/((-3)/(-6)). Let f(x) = 2*x**3 - 12*x**2 + 14*x + 1. Calculate the remainder when f(k) is divided by s.
3
What is the remainder when (3 + 16 + -29)*((-388)/10)/2 is divided by 89?
16
What is the remainder when 233 is divided by 6/(-8) + 14/(952/4743)?
26
Suppose 13*n = 14*n + 4*d - 100, 3*d = -n + 95. Let y = -62 - -44. Let z = -6 - y. What is the remainder when n is divided by z?
8
Let p = 20 + 13. Suppose 38*d - 42*d = 4*n - 80, 5*n + 17*d - 184 = 0. Calculate the remainder when p is divided by n.
7
Let m(w) = w + 4. Let v be m(-2). Suppose -3*a + 2*a = -17. Calculate the remainder when -4 + 3 + v + (62 - -2) is divided by a.
14
Suppose -37*i + 10944 = -38*i + 153*i. What is the remainder when 294 is divided by i?
6
Suppose -3*r = -2*c + 4*c - 1118, r = 5*c + 350. Let g = r - 274. Let v(h) = -h**3 - 7*h**2 - 3*h + 4. Calculate the remainder when g is divided by v(-7).
21
Suppose 0 = -6*s + 664 - 442. Suppose 8*p + 12 = 6*p. Calculate the remainder when ((-810)/(-40))/(p/(-32)) is divided by s.
34
Suppose 578*b + 1519 = 609*b. Calculate the remainder when 272 is divided by b.
27
Let r = -3815 + 3828. What is the remainder when 11699 is divided by r?
12
What is the remainder when (2/10 - (-2233)/385)*151 is divided by 297?
15
Suppose -3*b - 224 - 353 = 5*r, -384 = 2*b + 3*r. Calculate the remainder when 2/(-1) - (-21)/(b/(-180)) is divided by 2 - 0/(-1 - 1).
0
Suppose l + 19 = -10. Let c = l + 38. Suppose 8*t = c*t - 29. What is the remainder when t is divided by 12?
5
Let d = -301 - -399. Suppose 0 = -v - 2*v + 213. Calculate the remainder when v is divided by 3584/d - ((-51)/21 - -3).
35
Let g = -390 - -438. Suppose -2*a = -3*l - g - 8, -3*l - 118 = -4*a. Calculate the remainder when a is divided by 13.
5
Let l(g) = g**3 - 70*g**2 - 378*g - 11. Calculate the remainder when 520 is divided by l(-5).
0
Let u(r) = -9*r + 1. Let f be u(9). Let c be -3*4/8*-20. What is the remainder when 28 is divided by (c/(-8))/((-5)/(f/(-6)))?
8
Let y = -1 + 1. Suppose y = 2*w - 197 - 39. Suppose 4*d - u - 46 = 0, 0 = -5*d - 2*u + 58 - 20. Calculate the remainder when w is divided by d.
8
Suppose 14 = 6*h + 2. Suppose 0 = 5*c - 20, -3*o + 2*o = h*c - 33. Calculate the remainder when o is divided by 4.
1
Suppose 427*z - 418*z = 99. What is the remainder when 956 is divided by z?
10
Let c be 1551/(-9) - 4/6. Let p(w) = 3*w + 7. Let v be p(-22). Let l = v - c. Calculate the remainder when l is divided by 39.
36
Let a(y) = y**3 + 5*y**2 - 39*y - 17. Suppose 19*d - 58 + 191 = 0. Calculate the remainder when a(d) is divided by 53.
52
Suppose 3*l - t = l + 29, 3*t = l - 27. Let k(g) = -8*g - 5. Calculate the remainder when k(-5) is divided by l/15*180/8.
17
Let i(b) = -b**3 + 53*b**2 - 48*b - 160. Calculate the remainder when 17662 is divided by i(52).
46
Suppose -449 = -243*n + 280. What is the remainder when 934 is divided by n?
1
Let f = -2739 - -2869. What is the remainder when 1167 is divided by f?
127
Let m(l) = -2*l**3 + 29*l**2 - 49*l + 57. What is the remainder when m(9) is divided by 39?
0
Let x be 9*(-3198 - (3 + -5)*3). What is the remainder when 289 is divided by 2/(-7) + x/(-392)?
70
Suppose -11*u + 16*u = -2*m + 62, m - 2*u - 22 = 0. What is th